he prime factors of 1057979185.
5, 19, 23, 484201
List the prime factors of 260762952.
2, 3, 41, 265003
List the prime factors of 1143574692.
2, 3, 13, 7330607
List the prime factors of 51024122.
2, 191, 133571
List the prime factors of 5303266743.
3, 29, 59, 1033171
What are the prime factors of 28084097?
28084097
List the prime factors of 1248569596.
2, 29, 839, 12829
What are the prime factors of 605440847?
11, 55040077
What are the prime factors of 418019928?
2, 3, 41, 424817
What are the prime factors of 26410503?
3, 7, 17, 29, 2551
List the prime factors of 1935347314.
2, 967673657
What are the prime factors of 1197482881?
7, 7883, 21701
List the prime factors of 13231926.
2, 3, 735107
List the prime factors of 45934739.
73, 629243
List the prime factors of 1359718451.
7, 13, 19, 786419
List the prime factors of 422558871.
3, 7, 2857, 7043
What are the prime factors of 346006823?
61, 2341, 2423
List the prime factors of 225283358.
2, 59, 32359
List the prime factors of 83738053.
7, 89, 257, 523
List the prime factors of 1138072674.
2, 3, 12569, 15091
What are the prime factors of 6173557?
13, 31, 15319
What are the prime factors of 72432839?
72432839
List the prime factors of 1079720832.
2, 3, 23, 122251
List the prime factors of 821934151.
457, 1798543
List the prime factors of 1281209715.
3, 5, 28471327
List the prime factors of 268558116.
2, 3, 2777, 8059
List the prime factors of 927212936.
2, 13, 487, 18307
What are the prime factors of 224266601?
13, 17, 59693
List the prime factors of 1121215442.
2, 239, 257, 9127
List the prime factors of 131736440.
2, 5, 11, 299401
What are the prime factors of 102036327?
3, 19, 1790111
List the prime factors of 982210665.
3, 5, 31, 859, 2459
List the prime factors of 1979697730.
2, 5, 197969773
List the prime factors of 150903443.
29, 31, 229, 733
What are the prime factors of 984454219?
7, 643, 218719
What are the prime factors of 2475024124?
2, 5003, 123677
List the prime factors of 292376084.
2, 7, 11, 13, 41, 137
What are the prime factors of 59380411?
23, 47, 163, 337
What are the prime factors of 787051134?
2, 3, 14575021
What are the prime factors of 1374365745?
3, 5, 167, 60961
List the prime factors of 430101265.
5, 11, 23, 43, 7907
What are the prime factors of 22871989?
7, 3267427
List the prime factors of 516552851.
43, 239, 50263
List the prime factors of 78944761.
7, 947, 11909
What are the prime factors of 50040137?
7, 727, 9833
What are the prime factors of 48267766?
2, 157, 153719
What are the prime factors of 22286514?
2, 3, 3714419
What are the prime factors of 1289682438?
2, 3, 11, 587, 33289
List the prime factors of 268732232.
2, 163, 206083
What are the prime factors of 209439002?
2, 127, 824563
What are the prime factors of 631628195?
5, 11, 353, 32533
What are the prime factors of 9808564?
2, 2452141
What are the prime factors of 1732364819?
6481, 267299
List the prime factors of 1287893460.
2, 3, 5, 7, 103, 4253
What are the prime factors of 21458253?
3, 7152751
List the prime factors of 15654274.
2, 127, 61631
List the prime factors of 375126645.
3, 5, 97, 311, 829
List the prime factors of 813317990.
2, 5, 19, 149, 28729
What are the prime factors of 6007220545?
5, 509, 911, 2591
What are the prime factors of 12216242?
2, 1907, 3203
List the prime factors of 15369402.
2, 3, 409, 6263
List the prime factors of 179006421.
3, 11, 613, 8849
What are the prime factors of 1109946831?
3, 7, 37, 43, 139, 239
List the prime factors of 2117844822.
2, 3, 337, 499, 2099
List the prime factors of 690910396.
2, 11, 17, 167, 5531
List the prime factors of 62136137.
7, 19, 389, 1201
What are the prime factors of 2155294140?
2, 3, 5, 127, 282847
List the prime factors of 25963828.
2, 11, 17, 103, 337
List the prime factors of 412300100.
2, 5, 41, 227, 443
What are the prime factors of 334414989?
3, 37157221
List the prime factors of 12859166.
2, 61, 109, 967
List the prime factors of 1164154115.
5, 107, 241, 9029
List the prime factors of 317569406.
2, 7, 11, 379, 5441
List the prime factors of 7022556.
2, 3, 195071
What are the prime factors of 3380405083?
11, 19, 851273
What are the prime factors of 193673319?
3, 7, 79, 116741
List the prime factors of 55720584.
2, 3, 773897
What are the prime factors of 1271184977?
31, 1223, 33529
What are the prime factors of 719217635?
5, 3203, 44909
List the prime factors of 19401627.
3, 7, 23, 40169
List the prime factors of 328862193.
3, 11, 953, 10457
What are the prime factors of 4926439298?
2, 11, 97, 293, 7879
List the prime factors of 2360048329.
983, 2400863
What are the prime factors of 1232511555?
3, 5, 11, 53, 140939
What are the prime factors of 157667566?
2, 7, 11261969
List the prime factors of 121766119.
8293, 14683
List the prime factors of 58794704.
2, 17, 216157
List the prime factors of 41095831.
7, 43, 136531
What are the prime factors of 6178418742?
2, 3, 1291, 797627
What are the prime factors of 90322365?
3, 5, 7, 37, 67, 347
List the prime factors of 1134710658.
2, 3, 23, 503, 5449
What are the prime factors of 61025774?
2, 30512887
What are the prime factors of 1260349570?
2, 5, 17, 29, 255649
List the prime factors of 676477152.
2, 3, 13, 281, 643
What are the prime factors of 2677924613?
7, 13, 2089, 14087
List the prime factors of 753197482.
2, 376598741
What are the prime factors of 734941195?
5, 17, 23, 41, 53, 173
List the prime factors of 137971050.
2, 3, 5, 7, 101, 1301
What are the prime factors of 39904881?
3, 13301627
What are the prime factors of 546923841?
3, 953, 191299
What are the prime factors of 8821819?
8821819
List the prime factors of 29888304.
2, 3, 37, 16829
What are the prime factors of 2618735256?
2, 3, 36371323
What are the prime factors of 5381304?
2, 3, 224221
List the prime factors of 1074660678.
2, 3, 7, 13, 17, 38593
What are the prime factors of 7205347104?
2, 3, 4297, 17467
What are the prime factors of 468537060?
2, 3, 5, 7808951
What are the prime factors of 203020727?
7, 13, 937, 2381
What are the prime factors of 575733133?
575733133
What are the prime factors of 432637007?
11, 39330637
List the prime factors of 128877267.
3, 42959089
What are the prime factors of 121498076?
2, 7, 4339217
What are the prime factors of 953864888?
2, 119233111
List the prime factors of 353591487.
3, 31, 73, 643
List the prime factors of 46226569.
46226569
What are the prime factors of 77342074?
2, 38671037
List the prime factors of 415468123.
7, 29, 2046641
List the prime factors of 87194037.
3, 7, 17, 467, 523
List the prime factors of 166215371.
7, 23745053
What are the prime factors of 3714303962?
2, 347, 5352023
List the prime factors of 842623779.
3, 4793, 58601
List the prime factors of 18078811.
67, 83, 3251
List the prime factors of 63350275.
5, 19, 197, 677
What are the prime factors of 241700951?
17, 23, 618161
List the prime factors of 30345498.
2, 3, 1685861
List the prime factors of 453602342.
2, 137, 1655483
List the prime factors of 1061691902.
2, 59, 79, 113891
What are the prime factors of 51402456?
2, 3, 7, 79, 1291
List the prime factors of 25839493.
29, 891017
List the prime factors of 1767016423.
23, 76826801
What are the prime factors of 381386442?
2, 3, 63564407
List the prime factors of 28898603.
23, 31, 40531
What are the prime factors of 383653625?
5, 79, 38851
What are the prime factors of 1900651249?
7, 613, 63277
What are the prime factors of 509481777?
3, 7, 24261037
What are the prime factors of 210470798?
2, 1811, 58109
List the prime factors of 714865464.
2, 3, 307, 32341
List the prime factors of 149983129.
17, 8822537
List the prime factors of 554664261.
3, 571, 323797
What are the prime factors of 30543904?
2, 954497
What are the prime factors of 142175493?
3, 1755253
What are the prime factors of 77228094?
2, 3, 569, 22621
What are the prime factors of 1156672336?
2, 72292021
List the prime factors of 475862669.
475862669
What are the prime factors of 5505444638?
2, 863, 3189713
What are the prime factors of 44090442?
2, 3, 11, 222679
What are the prime factors of 339014387?
37, 491, 18661
What are the prime factors of 616555729?
47, 13118207
What are the prime factors of 106556607?
3, 3946541
List the prime factors of 26857938.
2, 3, 569, 7867
What are the pri